 -14 + (9 + 0 - 16) + -9 + -36?
-66
What is the value of (-49 - -11) + 13 + (-11 - -18)?
-18
What is (0 - -3) + (27 - (-3 + 100 + -27))?
-40
Calculate -134 + 300 + -14 + -110.
42
Calculate 0 + -25 + 7 - (-1 + -82).
65
Evaluate 23 - (50 + (-33 - -20)) - (-69 - -3).
52
Evaluate -52 - (-57 - (30 + -85)).
-50
What is the value of -29 + (19 - -54 - -15)?
59
Evaluate -6 - -33 - (-50 - -140).
-63
(3 - 5 - -41) + -6306 + 6184
-83
Evaluate -108 - (-13 + -103) - (-20 - -1).
27
Calculate (-421 - -426) + 0 + 6.
11
Calculate -107 - 1 - (-2691 + 2685).
-102
What is the value of -2 - ((1 - -1) + 42 + -37 + (18 - -29))?
-56
-1 - 6 - (-8 + (10 + 11 - 2) - 20)
2
Evaluate (1208 - 1189) + 1 + 21.
41
Evaluate -67 - (-129 + 241 + -196).
17
Evaluate 79 + 3 + (1 - (32 - (13 + 2))).
66
Evaluate -59 + (43 - -43) - 14.
13
122 - -141 - 277 - (0 - 53)
39
Evaluate 58 + -64 - 24 - -92.
62
What is the value of 7 - 1 - (-72 - (3 - 4 - (-6 + 8)))?
75
Evaluate (38 + -13 - -3) + -18 + -81.
-71
Calculate 18 - (22 - -10 - 33) - 15.
4
Calculate -27 - (-193 + 56 + -42) - 2.
150
Calculate 263 + -268 + 143 + -6 + 1.
133
-35 - -39 - (-3 + 73)
-66
What is 24 - (46 + 1 - (16 - 51))?
-58
Evaluate -6 + (-31 - -29 - -3 - (-51 - 2)).
48
Calculate -62 - -37 - (-20 + (56 - 6)).
-55
What is the value of (-1 - -9) + -13 - (16 - (38 + 15))?
32
Calculate 99 + 25 + -97 + 18.
45
Calculate 3 + -13 - (-9 - (7 + -8 - -52 - 1)).
49
What is the value of -1 + -25 + (-3350 - -3374)?
-2
Evaluate -28 - -1 - (511 - 566).
28
Calculate 200 + (-213 - -82) + 27.
96
-6 - (4 + 9 + (0 + -5 - -1))
-15
(-4 - ((2 - (1 + -5)) + -30 + 5)) + 48
63
Evaluate 40 - (26 + (43 - 9)).
-20
Calculate -11 + (-18 - (-76 - -38)).
9
What is 22 + -46 + 42 + -21?
-3
6 + -6 + (19 - 7) - 0
12
What is -10 - (4 + (-4 - -20) + -31)?
1
Evaluate -7 + 10 - (-26 - -38).
-9
What is the value of (0 - -4) + (24 - 3) + -20 + 14?
19
-8 + (6 + -5 - (-18 + -1 + 7))
5
What is the value of 9 + (19 - (1 - -13)) - 3 - -43?
54
14 + 1 + -5 + (-40 - -23 - -18)
11
What is the value of 2 + 21 + (-101 - (-90 - 20))?
32
What is (-11 + -7 - -10 - (-10 - 0 - 2)) + -93?
-89
What is (0 - 1) + -2 + 42 + (-28 - 12)?
-1
What is -17 - (-4 + 6 + (-12 - 15) + 3)?
5
What is the value of 2 - 17 - (-947 + 1103 - (2 + 27))?
-142
What is the value of 12 + -1 + -2 + (-40 + 49 + -184 - -55)?
-111
What is the value of ((8 - (5 + -5)) + -7 - -5) + 1 + -13?
-6
What is (-123 - 1) + -9611 + 9707?
-28
-14 - (63 + -70) - (0 - 71 - (0 + 3))
67
What is the value of (-1172 - -1184) + (1 + 1 + -4 - 21)?
-11
What is -80 + -100 - (-220 + 52)?
-12
Calculate -74 - -211 - 145 - ((0 + 2 - 85) + -2).
77
Evaluate -55 - (-42 - 52 - -66).
-27
What is the value of 8 - (-8 - 0 - (-148 + 163))?
31
Evaluate 0 - (-13 - 0) - (201 - 134).
-54
What is the value of 25 - ((3 - 76 - -3) + 42)?
53
Calculate -12 + -29 + 12 + -5 + -8 - (11 + -1).
-52
Calculate 10 + -14 + (0 + 6 - (24 + -23)).
1
Calculate 112 - (-25 + -28 + 44 + 35).
86
Evaluate (-5 + 4 + -3 - -6 - -10 - -14) + 7.
33
-30 - (8 - (5 + (-13 - 0)))
-46
What is the value of 56 - (16 - -51 - -18)?
-29
Evaluate -70 - ((16 - 6) + -6) - (0 + 14).
-88
Evaluate -80 - -47 - (-29 - -4).
-8
8 + 1 + (38 - -2 - (1465 + -1515))
99
What is -1 + 17 - (118 - 137) - 1?
34
Calculate -39 - -2 - (227 + -87 + -47).
-130
What is the value of -1 + -9 + -7 + -11 + 20 + 18 + -53?
-43
What is -21 + 26 + (-4 + 11 - 30)?
-18
11 + (3 - 3) - (-72 - -168 - 195)
110
40 + 7 + (8 - 14 - 19)
22
(39 - (91 + -47)) + 3 + -11
-13
Evaluate -9 + (-6 - (9 - (-8 - -14) - -5) - -12).
-11
Calculate 74 + 92 + 119 + -159.
126
Evaluate -8 - (12 + -21) - 2 - 28 - 1.
-30
Calculate 3 + (16 - 6) - (-76 - (-2 + -17)).
70
(-16 - (27 - 57)) + -3 + 5 + -5
11
138 + (73 - 212) + -16 + -1 + 2 + -12
-28
What is (-8 - (52 + 3)) + (-5 - (15 - 7 - 5))?
-71
Calculate (20 - -3) + 59 + (43 - 103).
22
Evaluate -42 - ((3 - -17) + 1 + -22).
-41
What is the value of (-9 - 22 - -1) + (-7 - -8 - -13) - 47?
-63
Calculate (165 - 147) + (28 - -9).
55
-35 - (25 + -71) - (-4 + -1 + 1 + 81)
-66
Calculate (-15188 - -15395) + (2 - 95).
114
What is the value of -144 - (-51 - -86 - 119)?
-60
What is the value of 25 + -91 + 75 - (0 + -2 - (0 + -3))?
8
What is the value of -15 + 4 - -41 - -4?
34
What is the value of -52 + 69 + -53 - -17?
-19
What is -11 - ((4 - 5) + (6 - 4) + 11 + -3)?
-20
Evaluate -61 + 52 - (23 + (-1 - -3)).
-34
What is (-9 - -28 - 24) + -2 + -1 + -15?
-23
Evaluate -15 - (-55 + -27 + 22).
45
What is the value of -16 + (-3 - -17) - (10 + -23)?
11
Calculate -6 + (152 - 63) + -48.
35
What is the value of 6 + -2 + -10 - (23 + 23 + -40)?
-12
What is the value of 38 - 1 - (328 - 320)?
29
What is the value of (1 - (-8 + 0)) + -20 + (-81 - -62) - 1?
-31
(-46 + 2 - -2 - (101 - 63 - 36)) + 6
-38
4 + -71 + (7 - -25) + -27
-62
What is the value of (17 + 2 - (81 - 71) - (16 - 1)) + -54?
-60
What is the value of 1 + -1 - (-9 - (15 - -34) - -12)?
46
-99 + (74 - 14) - (-22 + -3)
-14
Evaluate 37 + -1 + (19 - ((17 - -3) + -12)) + 2.
49
Calculate (3 - (9 - -2)) + (-1 - 0) - (79 + -32).
-56
What is -18 - ((65 - (45 - -33) - (-15 - 1)) + -6)?
-15
What is -70 + 178 - 29 - 40?
39
What is the value of -1 + 1 - -21 - ((36 - 56) + 21) - -6?
26
What is the value of -17 + ((-10 - 6) + 2 - -48)?
17
Evaluate 7 + -8 + 35 - ((82 - 107) + 13).
46
What is the value of 3 - (-98 + 45) - 19?
37
What is (9 - -39) + (-50 - -16) - -14?
28
(68 - (-53 - -55)) + -113
-47
What is the value of 1 + 72 - ((-170 - -217) + (-60 - -3))?
83
What is the value of (14 - -1 - (11 + 2)) + (-5 - (-3 + -3))?
3
What is 5 + 0 + (16 - 30) - -6 - (-28 - -3)?
22
(2 - 2) + (-2 - ((-24 - -9) + -34)) + -2
45
-64 - 110 - -37 - -202
65
Calculate 29 + (-26 - (-10 + 17 + -14)) + (1 - 9).
2
Calculate -6 + 4 - (-12 + -14 - 24).
48
Evaluate -135 + 24 - (-32 + 7 - -17).
-103
Evaluate -1 + 10 - (239 - (60 + 99)).
-71
(156 - (-15 - (-59 - -28))) + -41
99
(-13 - (1 - (-1 - -1))) + 4164 + -4150
0
-122 + 89 - (-7 - ((4 - 0) + -2))
-24
(34 - (-30 - 18)) + -3 + 10 + 1
90
Evaluate 0 + 27 - (2161 - 2102).
-32
Evaluate 1 + 89 + -36 + -70.
-16
Calculate -166 + (82 - -2) + 9.
-73
Calculate -45 - (-8 + 11 - 19 - (-68 + 35)).
-62
Calculate (-71 - 43) + -78 - -94.
-98
What is (-24 - (-44 - -2)) + -20?
-2
Calculate -34 + (-27 + 160 - -20) + -35.
84
(36 - -4) + -6 + -26 + 4 + (-5 - 130)
-123
Calculate 10 - (-69 - (28 - 101)).
6
What is the value of (78 - 54 - 40) + (52 - -1)?
37
Evaluate -3 + -2 + 2 - ((-1 - -57) + (99 - 97)).
-61
Evaluate (31 - -6 - (5 - 0)) + (-267 - -259).
24
What is the value of -8 + (-10 - -16) + 11?
9
What is the value of 1 + 8 + 9 + (-34 - (13 - -9))?
-38
164 + -158 + (-6 - 1) - (-5 + 16)
-12
Evaluate -2 + (-4 - -1) - -71 - (49 - (94 - 43)).
68
12 + -41 + 53 + 25
49
What is the value of 8 + (-2 + -103 - ((-25 + 10 - -8) + 6))?
-96
57 + (-38 + 115 - 197)
-63
Calculate (66 - (104 + -13)) + (-50 - 0).
-75
Calculate 9 + -36 + -10 + 29 - (1 + 34).
-43
What is the value of (154 - 226) + 66 - (58 - -2 - 1)?
-65
(1 + -79 - -31) + 52
5
What is 4 + -1 + (0 - -12) + -21 + -10?
-16
Evaluate 2 - 37 - (-3 + 12 + 7 + -29).
-22
Evaluate (-10 - 0) + (14 - 29) + 9.
-16
Calculate -36 + 64 - 66 - 27.
-65
Calculate (62 - 1 - 118) + 53.
-4
Calculate 0 - (-4 + 8) - -1 - (19 - 77).
55
What is -6 + 17 + (-16 - (-2 - 4))?
1
39 + (-77 - 64) - -46
-56
What is the value of (-11 - -2) + -40 + (-8 - 4)?
-61
Calculate 31 - (51 - 39 - -47).
-28
Calculate 4 - (-9 - (-5 + 4)) - (-51 + 2).
61
Evaluate 21 + (-3 - -10) + -90 + 19.
-43
What is the value of (9 - 4 - 12) + 25 + -4 - -26?
40
Evaluate -29 + 12 + 23 + -39 - 6.
-39
Evaluate (60 - 25) + 75 + -20.
90
What is 29 - (-2 + 8 + -9)?
32
What is the value of -894 + 900 - (10 - (-1 + 6))?
1
Evaluate -11 + -5 + 2 + (35 - -9 - (167 + -121)).
-16
-53 - (-240 + 199) - (1 + 4 + -1 + 0)
-16
Evaluate 7309 + -7396 + (1 - -149).
63
What is 79 - (-6 + (26 - -23))?
36
1 + (-31 - 3) + (169 - 160) + -30
-54
147 - 154 - (27 - 150)
116
Calculate (-3 + 0 + -155 - -2) + (24 - (73 + -65)).
-140
Evaluate 23 + -1 - 1 - 60 - -10.
-29
Evaluate (-8 - (-15 - -4 - -3)) + 1 + -2 + -37.
-38
-13 - (7 + (5 - 43) + (-1 - -20))
-1
Calculate -39 + -1 + 74 + 77.
111
Calculate -17 + 18 - (4 + 3 + -5 + (-57 - -49)).
7
Calculate (1236 - 1262) + (9 + (2 - 1) - 1).
-17
Calculate -702 + 693 - (0 - 9) -